64)/10. Calculate the highest common factor of n and c.
6
Suppose -40*c + 44*c - 24 = 0. Let a(s) = 2*s**2 - 4*s - 8. Let h be a(c). Calculate the highest common factor of h and 15.
5
Suppose 0 = 5*j - 10, 5*s - 2375 = j + 2033. Let y be (3*3)/(s/(-222) - -4). What is the highest common divisor of y and 37?
37
Suppose -16*i + 15*i = -30. What is the greatest common divisor of 24 and i?
6
Let v = -10 - -19. Suppose -f + v = 4*m, 9 + 8 = 4*f - 3*m. Suppose -38 = -f*y + 7. What is the greatest common factor of y and 63?
9
Suppose 1 + 17 = 3*a. Let o(r) be the first derivative of -r**2 - 10*r - 5. Let s be o(-8). What is the greatest common factor of s and a?
6
Let w(x) = 19*x**2 + 2*x. Let o be w(-2). Suppose -6 = 3*h - 21. Suppose 4*j - 21 = -h*y, -2*y = 2*y + 12. Calculate the highest common factor of o and j.
9
Let l be (-210)/(-49)*(-21)/(-2). Calculate the highest common divisor of 405 and l.
45
Let n(i) = 2*i**2 + 16*i - 6. Let f be n(-9). Calculate the highest common factor of 84 and f.
12
Let l be 8/5 - 14/(-35). Suppose 5 = -l*y + 9. Calculate the greatest common divisor of y and 2.
2
Let r = -41 - -42. Let x(z) = -z**2 - 6*z + 4. Let i be (-2)/4*-2*-5. Let v be x(i). What is the highest common factor of r and v?
1
Let k be (-1)/(3/(5*6)). Let w be -5*((-336)/k)/(-4). Calculate the highest common divisor of 105 and w.
21
Let n = 6986 + -6974. Let w be 6 + -2 - (1 - 0). What is the highest common factor of n and w?
3
Let i be (-8 - -73) + (-1 - 4 - -3). Calculate the highest common divisor of i and 72.
9
Suppose h = -x + 119, -3*h = 2*x - 60 - 178. What is the highest common factor of 51 and x?
17
Let i = 0 + 2. Suppose -4*l = 2*r - 42, -l - 72 = i*r - 7*r. What is the greatest common factor of 165 and r?
15
Suppose -4*p = -4*r - 25 + 5, 0 = -4*p - 2*r + 14. Let q(s) = -s**3 - s**2 + 3. Let y be q(0). Suppose d = p - y. What is the highest common divisor of 3 and d?
1
Let s = 16 - 5. Suppose 10*d = 2177 - 2167. Calculate the highest common factor of s and d.
1
Let z = 42 + -29. Suppose 2*y - 216 = -2*n, 2*n = -y + 6*y + 188. Calculate the greatest common factor of z and n.
13
Suppose -24*f + 717 = -483. Calculate the greatest common divisor of f and 1250.
50
Let d be 1/(-6) - (-330)/36. Calculate the highest common factor of d and 9.
9
Let j(n) be the first derivative of 2*n**3/3 - 3*n**2/2 + 8. Let z be j(2). What is the greatest common factor of 16 and z?
2
Suppose -60*n - 780 = -1980. Suppose 0 = -5*z + 509 + 191. What is the greatest common factor of z and n?
20
Suppose -6 = -2*a - 2*h, 2*a - a - 2*h = 0. Suppose -a = u - 16. Calculate the highest common divisor of 98 and u.
14
Suppose 42*c - 40*c + 2*v - 648 = 0, -4*v = -c + 349. What is the greatest common divisor of c and 94?
47
Let h(r) = -2*r**3 - 6*r**2 - 2*r + 12. Let k be h(-4). What is the highest common factor of k and 4?
4
Suppose 0*m - m - 2*s + 26 = 0, -3*m + 4*s + 68 = 0. Let y be 2/7*(m + -3). What is the greatest common factor of y and 30?
6
Let t = 15 + -3. Let i be 6/(-27) - (-10)/45. Suppose 5*r + 20 = i, -r = -2*z - 0*z + 76. Calculate the greatest common factor of t and z.
12
Suppose -2*a - 10 = -7*a. Suppose a*j = 30 + 18. What is the greatest common factor of 6 and j?
6
Suppose -5*g + 5*q + 199 - 4 = 0, 5*g = -3*q + 203. Calculate the highest common factor of 88 and g.
8
Let t(j) = j**3 + 3*j**2 - j + 5. Let z be t(4). Let d = z - 49. Let a = 71 + -55. What is the greatest common factor of d and a?
16
Suppose 0 = -6*v + 16 + 2. Suppose -v*g = -2*g - 3. Suppose -5*z + 4*x - 7 = 0, -5*z + g*x - 4 = -0*x. What is the highest common factor of z and 5?
1
Suppose 11*x - 28485 = 6495. Calculate the greatest common factor of x and 20.
20
Let k(p) = p**2 + p - 12. Let t = 32 + -25. Let v be k(t). Calculate the greatest common factor of v and 22.
22
Let k(s) = s**3 - 3*s**2 - 4*s. Let q be k(3). Let r = 18 + q. Let b be 60 - 3/((-6)/(-36)*3). What is the highest common factor of r and b?
6
Let s(v) = -v**3 + 10*v**2 + 30*v - 11. Let n be s(12). Let o be 1/(0 - 1) - -3. Let x be n + -8 - (-2)/o. Calculate the highest common divisor of 36 and x.
18
Let g be 80/7 + ((-48)/(-28))/3. Let l(w) = 5*w**2 - 5*w. Let j be l(4). Calculate the greatest common divisor of j and g.
12
Let w be (((-4)/(-7))/(-2))/(8/(-168)). Calculate the greatest common factor of w and 1086.
6
Let w(r) = 188*r + 1. Let g be w(1). Let u = 26 + 20. Let l = -25 + u. What is the greatest common factor of l and g?
21
Let y be (0 + 0)/((-8)/4). Suppose -2*p + 28 = 2*h - 3*p, 4*h - 4*p - 56 = y. Calculate the highest common divisor of h and 42.
14
Let z be -3*5/(5/(-16)). Let y(d) = d. Let c be y(3). Suppose 45 = 3*a - 0*a + c*n, -5*n - 85 = -5*a. What is the highest common divisor of a and z?
16
Suppose 4*b = 2*g - 26, -5*g + 65 = 24*b - 22*b. Calculate the highest common factor of g and 1339.
13
Suppose 2*m + 4 + 8 = 0. Let d(b) = b + 6. Let y be d(m). Suppose 2*z = -2*w + 6*w + 34, y = z + 3*w - 42. Calculate the highest common divisor of 243 and z.
27
Let x(o) = o - 3. Let d = 11 - 3. Let v be x(d). Suppose 0 = v*z + 5*m - 515, -3*m = 3*z + 2*m - 317. What is the highest common divisor of 9 and z?
9
Suppose -u = -4*z + 8, -15*u + 10*u - 4*z + 80 = 0. Calculate the greatest common factor of 636 and u.
12
Let k(r) = r**3 + 15*r**2 - 20*r - 10. Suppose -10*f - 104 = 56. Let y be k(f). What is the greatest common factor of 135 and y?
27
Let q(u) = -21*u - 165. Let c be q(-12). Calculate the greatest common divisor of 1044 and c.
87
Suppose z = -3*h - 2*z + 324, 120 = h - 5*z. What is the highest common factor of 5 and h?
5
Let c = 94 + -54. Let g = 70 - c. Calculate the highest common factor of 6 and g.
6
Let g be 2/11 - 3921/(-33). Let k = -110 - -127. Calculate the highest common factor of g and k.
17
Suppose 0 = v + 4*s - 0*s - 39, -3*v = 2*s - 107. Suppose 0 = 8*u - 109 - v. Calculate the highest common divisor of u and 27.
9
Let m be ((-7)/7)/(3/(-2) - -1). Suppose m*z = -7 - 1, -3*z = w - 69. Calculate the highest common divisor of w and 18.
9
Suppose 0*o = -2*o - 6, b - o + 12 = 0. Let s(a) = 39*a**2 - a. Let g be s(-1). Let h be (-36)/b*g/6. Calculate the highest common factor of h and 2.
2
Let z = -1508 + 1712. Calculate the highest common factor of z and 132.
12
Let s(t) = 4*t - 22. Let x be s(10). Let k = 1 - -8. Calculate the greatest common factor of k and x.
9
Let m = -78 + 113. Calculate the highest common factor of 2065 and m.
35
Let v(b) = -b**3 + 6*b**2 + 4*b. Let w be v(5). Let z be (-2)/3*w/(-6). Suppose -z*d + 25 = -60. Calculate the highest common factor of d and 68.
17
Let p(x) = x**3 + 6*x**2 + 5*x + 3. Suppose -7*c = -6*c. Let t = c + -5. Let b be p(t). What is the greatest common factor of b and 3?
3
Let h = 5 + -1. Suppose 0 = h*t + 9*t - 702. What is the highest common factor of 36 and t?
18
Let l = -88 + 164. Calculate the greatest common divisor of 114 and l.
38
Suppose -4*s + 5*s = 33. Let n(d) = -d**2 - 21*d - 57. Let l be ((-4)/16)/((-5)/(-340)). Let k be n(l). Calculate the highest common factor of s and k.
11
Let g = 228 - 223. Calculate the highest common factor of 25 and g.
5
Suppose 0 = -12*t + 15*t - 189. Calculate the highest common factor of 525 and t.
21
Let v be 504/(1/(-8 - -9)). Calculate the highest common divisor of v and 27.
9
Let g = 229 + 603. What is the greatest common factor of 256 and g?
64
Let n(j) = 5*j**2 + 72*j + 326. Let y be n(-5). Let u(x) = x**3 + 7*x**2 + 4*x - 5. Let f be u(-6). Calculate the greatest common factor of f and y.
7
Let i be 1/3 - (-52)/6. Suppose q = 2*a - q + 34, 0 = 2*a - 3*q + 32. Let v = a + 28. What is the greatest common factor of i and v?
9
Suppose 5*v - o = -88, -2*v - 38 = -0*v + o. Let r = -6 - v. Suppose 45 - 189 = -3*x. Calculate the greatest common divisor of r and x.
12
Let n(c) = -15*c**2 - 4*c + 6. Let t be n(4). Let h = 371 + t. What is the greatest common divisor of 11 and h?
11
Let m(t) = 6*t - 34. Suppose s - 20 = -0*z - 2*z, -4*z - 44 = -4*s. Let y be m(s). What is the greatest common factor of y and 50?
50
Let k = -129 - -176. What is the highest common divisor of 799 and k?
47
Suppose d - 94 = -5*z, -6*d - 2*z - z + 510 = 0. Let m be ((-12)/14)/((-4)/28). What is the highest common divisor of m and d?
6
Le